
What is the remainder when (31 - -14)/(0 - -1) is divided by 17?
11
Let l(p) = -p - 5. Let x(w) = -w + 6. Let s be x(5). Suppose -k = -2*k + s. What is the remainder when l(-6) is divided by k?
0
Let s = -10 - -21. What is the remainder when 482/11 + 2/s is divided by 15?
14
Suppose 3*b = 42 - 9. Calculate the remainder when 53 is divided by b.
9
Let u = 72 + -50. Calculate the remainder when u is divided by 9.
4
Let o = 8 + -2. Let a = 7 - o. What is the remainder when 4/(-14) - (-32)/14 is divided by a?
0
Let k = 149 + -99. What is the remainder when k is divided by 18?
14
Let f = -19 + 31. Let m(j) = j**2 - 6*j - 7. What is the remainder when m(10) is divided by f?
9
Let p(u) = -3*u - 1. Let i be (-22 + -2)*3/6. What is the remainder when p(i) is divided by 18?
17
Let y(j) = j + 82. Calculate the remainder when 187 is divided by y(-34).
43
Let h(w) = -2*w**2 - w + 52. Calculate the remainder when 206 is divided by h(0).
50
Let y = 48 + -32. What is the remainder when y is divided by (-30)/12*24/(-10)?
4
Let z(p) = -p**2 + 16*p + 31. Calculate the remainder when z(16) is divided by 9.
4
Let k be (-1)/(-3) + (-2)/(-3). Let s(l) = 2*l**3 - l**2 + 2*l - 1. Let q be s(k). Suppose -r = q*r - 24. Calculate the remainder when 23 is divided by r.
7
Suppose 0 = -z + 3. What is the remainder when (-4)/(z/9*-1) is divided by 7?
5
Let a(y) = 2*y**2 + 6*y + 5. What is the remainder when 50 is divided by a(-4)?
11
Suppose -22 = -2*d + 3*s, 3*s + 16 = 7*s. Let b be (-16)/(-3) - 4/(-6). Let c(q) = q + 3. Calculate the remainder when d is divided by c(b).
8
Calculate the remainder when (-18)/5*(-20)/12 is divided by 3.
0
Suppose -7*r = -4*r + 4*h - 35, 0 = -4*r - h + 64. Calculate the remainder when 82 is divided by r.
14
What is the remainder when 10 is divided by 2/4*14 + -1?
4
Suppose 37*d = 34*d + 141. What is the remainder when d is divided by 12?
11
Let g(x) be the third derivative of -x**5/60 - 5*x**4/12 + 2*x**3 + 3*x**2. Calculate the remainder when 2 is divided by g(-11).
0
Let c = 48 - 26. Suppose 5*r - 2*r = -2*i - 2, -2*r = i + 1. What is the remainder when c is divided by 2 + (r - 0) - -10?
10
Suppose 4*n - 24 = 32. Let g(b) = 1 + 2*b**2 + 2 - 1 - 5*b. What is the remainder when n is divided by g(3)?
4
Suppose 4*x - 3*s - 279 = -2*s, 0 = -4*x - 2*s + 270. What is the remainder when x is divided by 18?
15
Suppose 3*o - 3*j - 6 = 9, 4*j = 8. Let p(c) = -c**2 - 6*c + 9. Let z be p(-7). Suppose z*d = 4, 4*r - d - 7 = r. What is the remainder when o is divided by r?
1
Suppose 4*n + 4*t - 24 = 0, -6*t + 3 = n - 2*t. Let q be 3/(-3) + 1 - -45. Let r = q + -26. Calculate the remainder when r is divided by n.
5
Let l = -5 - -55. Suppose j - l + 15 = 0. What is the remainder when j is divided by 12?
11
Let q(a) = a. Let h be q(-4). Let m be 133/h - 4/(-16). Calculate the remainder when -2*(-1)/(-2)*m is divided by 17.
16
Let a = 5 - 1. What is the remainder when 30 is divided by a?
2
Let i = 19 + 7. Calculate the remainder when 75 is divided by i.
23
Let o(s) = -s**2 + 17*s - 16. Let f be o(12). Let b = f - -5. Calculate the remainder when b is divided by 13.
10
Let d = 1 - -2. Let p(y) = 1 + y**2 - d*y + 3*y. What is the remainder when 9 is divided by p(-2)?
4
Suppose 14 = 4*p + 2. Suppose 0*n + 56 = 3*n - 4*h, -p*h = 15. Calculate the remainder when 20 is divided by n.
8
Let i(g) = -g**2 + 2*g - 17. Let y be i(0). Let d = -1 - y. Calculate the remainder when 31 is divided by d.
15
Suppose -4*i = -149 - 91. What is the remainder when i is divided by 21?
18
Let k(w) = 10*w - 49. What is the remainder when 41 is divided by k(6)?
8
Suppose -4*b - 11 = -2*u + 35, -4*b = 5*u - 115. Suppose -o + 0 + 11 = 0. What is the remainder when -1 + u + (-2)/1 is divided by o?
9
Let v = 2 - 7. Let t = v - -40. Calculate the remainder when t is divided by 2 - (-2)/(-2) - -11.
11
Suppose -32 = 2*d + 4*c, 2*c + 19 = -2*d - 21. Let u = d - -40. Calculate the remainder when u is divided by 9.
7
Suppose -5*n + 74 = 4. Calculate the remainder when ((-52)/14)/(8/(-14))*4 is divided by n.
12
Suppose l + 3*l - 148 = 0. Let f be 56/6 - 3/9. Suppose 0 = -2*m + 17 + f. Calculate the remainder when l is divided by m.
11
Suppose 2*i + 8 = -4*a + 28, -4*i = -5*a - 1. Suppose 68 = i*g - 8. What is the remainder when 36 is divided by g?
17
Let c = 393 + -315. Let f = 34 - 14. Calculate the remainder when c is divided by f.
18
Let p(v) = -v**3 + v**2 + 7*v + 8. What is the remainder when 47 is divided by p(-2)?
5
Let f = 85 + -53. Let n = 50 - 73. Let m = f + n. Calculate the remainder when 26 is divided by m.
8
Let w(h) = -h + 5. Let l be w(-7). Suppose 0 = 2*z - 0 - l. What is the remainder when 16 is divided by z?
4
What is the remainder when 86 is divided by (-14)/77 + 0 - 224/(-22)?
6
Let o be (-6)/(-10) + 234/10. Calculate the remainder when 2*4*9/o is divided by 2.
1
Let u = 0 + 45. Suppose 5*n + w + 2*w = u, -3*n + 4*w - 2 = 0. What is the remainder when n is divided by 3?
0
Let w(i) = i**2 + i + 1. Let n(c) = -c**3 - 4*c**2 + 2*c - 2. Let z(p) = -n(p) - w(p). What is the remainder when 28 is divided by z(-3)?
8
Suppose -3*y + 79 = 4*f, 2*y = 4*f - 0*f + 86. What is the remainder when y is divided by 5?
3
Let m be -2*(4 - 6) - 0. Suppose m*v - 17 = 11. Calculate the remainder when 20 is divided by v.
6
Suppose -5*k - 3 = -2*v + 2, 0 = v + k - 6. Calculate the remainder when v is divided by 5.
0
Suppose 0 = -6*v + 2*v + 120. What is the remainder when 56 is divided by v?
26
Let a(j) = -41*j + 8. Let k(x) = 14*x - 3. Let h(p) = 4*a(p) + 11*k(p). Suppose 4*g + g - 275 = 0. Calculate the remainder when g is divided by h(-2).
17
Let i be ((-2)/(-2))/(10/20). Suppose 0 = -7*f + i*f + 75. Calculate the remainder when 59 is divided by f.
14
Let g be 12/(-42) - 32/(-14). Suppose -3*y = -g*b - 13 - 38, -2*b - 85 = -5*y. What is the remainder when 49 is divided by y?
15
Suppose -5*x - 17 = h, 0*h - 5*x - 9 = 2*h. Calculate the remainder when (-820)/(-36) + 2/9 is divided by h.
7
Let l = -8 + 34. Calculate the remainder when 74 is divided by l.
22
Let u(g) = 3*g**2 + 3*g + 6 - 6 + 3. Let p be u(-2). Suppose -2 = i - p. What is the remainder when 19 is divided by i?
5
Let f = 21 - 12. What is the remainder when 33 is divided by f?
6
Let n(t) be the third derivative of t**6/120 + t**5/10 + t**4/8 - t**3 + t**2. What is the remainder when ((-2)/(-3))/(1/9) is divided by n(-5)?
2
Let g be 20/(-3)*(-9)/2. Suppose -3*o + g = -0*o. Calculate the remainder when 27 is divided by o.
7
Let j = -72 - -105. Calculate the remainder when j is divided by 18.
15
Suppose -2*d + 0 + 14 = 0. Let q(o) = o**2 + 20*o + 18. Calculate the remainder when q(-20) is divided by d.
4
Let g(f) = -f**3 + 9*f**2 - f + 11. Let w be g(9). Suppose w*i = 7*i - 70. Calculate the remainder when i is divided by 8.
6
Let f(h) = h**3 - 8*h**2 + 9*h - 5. Let i be f(7). Suppose 11 + i = 5*d. Let x(l) = 3*l**2 + 5. Calculate the remainder when x(d) is divided by 18.
17
Let s(c) = -c**2 - c + 37. Calculate the remainder when 70 is divided by s(0).
33
Let c be (-5 + 3)*(-8)/1. Let p = 10 - c. Calculate the remainder when (4/p)/(2/(-111)) is divided by 13.
11
Let b(x) = x + 6. Let u(v) = -8*v + 1. Let w be u(1). Let y be b(w). Let f(m) = -7*m**3 + 2*m**2 + 2*m + 1. What is the remainder when 23 is divided by f(y)?
7
Let d(m) = 13*m - 13. What is the remainder when 24 is divided by d(2)?
11
Let v be (-8 + 2)*(-16)/24. Suppose 2*l = 3*g - 23, 4*g = v*l + 5 + 23. What is the remainder when 52 is divided by g?
7
Let l be 53/7 + 18/42. Suppose l = -i + 62. What is the remainder when i is divided by 19?
16
Let s(i) = 3*i**3 - 3*i**3 + i**3 + 2 + 10*i - 1 - 10*i**2. Suppose 3*h = 3 + 24. What is the remainder when 17 is divided by s(h)?
7
Let m = 4 + -2. Let s be 57 + (-6 - -3 - -6). Suppose -m*g + 2*o = -2*o - s, -3*g - 3*o = -99. Calculate the remainder when g is divided by 11.
10
Calculate the remainder when 5 is divided by (70/(-15) + 5)*(4 - 1).
0
Let z(x) = 2*x - 5. Let o be z(4). Let f be (-6)/4 - (-2)/(-4). What is the remainder when (o + -2)/((-1)/f) is divided by 1?
0
Let b be (8/12)/(2/3). What is the remainder when 2 is divided by (14/42)/(b/6)?
0
Let k = -2 + 6. Suppose 5*d - 8 = k*d. What is the remainder when 29 is divided by